 what is 4 - -3503355?
3503403
In base 4, what is 23012232 + -11?
23012221
In base 13, what is -5 - 407b?
-4083
In base 8, what is -255 - -42?
-213
In base 8, what is -7 - -12062?
12053
In base 2, what is -110100 - -101000000000100?
100111111010000
In base 6, what is 32320 + 4?
32324
In base 5, what is 4104144 - 114?
4104030
In base 11, what is 4 + -103?
-aa
In base 8, what is 40270 - -21?
40311
In base 11, what is -6a743 - -1?
-6a742
In base 7, what is -4 + -106636?
-106643
In base 14, what is -c8d - -5a4?
-6c9
In base 2, what is 101101101 + 10001011110010?
10010001011111
In base 10, what is -18865 + 94?
-18771
In base 3, what is 200000211210112 - 12?
200000211210100
In base 9, what is -5 + 20472?
20466
In base 11, what is -35420 + 10?
-35410
In base 13, what is -26057 - c?
-26066
In base 9, what is 4 - 132240?
-132235
In base 5, what is 42121 - 4?
42112
In base 9, what is 123464 - 4?
123460
In base 3, what is 12 - -1011200220?
1011201002
In base 7, what is 224 - -61443?
62000
In base 14, what is -251b + 28?
-24d3
In base 14, what is 9c6 + 17?
9dd
In base 4, what is 1301 - 3300?
-1333
In base 3, what is 12 - 1002221?
-1002202
In base 10, what is 3 + -52895?
-52892
In base 10, what is -5 + -12021?
-12026
In base 11, what is -18 - 457?
-474
In base 7, what is -13 - -10464?
10451
In base 8, what is 4 - -45070?
45074
In base 13, what is 5 + 416a?
4172
In base 15, what is -464 - -11?
-453
In base 15, what is -15d + 114e?
ee1
In base 14, what is -21a7 - 5b?
-2224
In base 12, what is -138ba0 - 0?
-138ba0
In base 16, what is 16a2ee + 0?
16a2ee
In base 14, what is -1 + -12395b?
-12395c
In base 12, what is -10020 + -15?
-10035
In base 16, what is 121f0 - -2?
121f2
In base 8, what is -411 - 37053?
-37464
In base 3, what is -211221 - 22110?
-1011101
In base 10, what is 24105 + -1?
24104
In base 9, what is 478745 - -8?
478754
In base 14, what is 5dc8d + 1?
5dc90
In base 6, what is 3 - -244223?
244230
In base 15, what is 2cbc - d?
2cae
In base 6, what is 4 + 121322?
121330
In base 16, what is 2b7f7 - -2?
2b7f9
In base 9, what is 16 + 1066?
1083
In base 3, what is 21010222 + 0?
21010222
In base 11, what is 88 - -75a?
837
In base 3, what is -12201 + -121001?
-210202
In base 9, what is 13 + -14347?
-14334
In base 2, what is -1000 - 110011110001110?
-110011110010110
In base 2, what is -10110010101000101 + -1?
-10110010101000110
In base 5, what is 10424143 - 4?
10424134
In base 6, what is 4411045 + 1?
4411050
In base 14, what is -b7605 + 4?
-b7601
In base 10, what is -32 + 1881?
1849
In base 12, what is -a - 177b3?
-17801
In base 12, what is -31 + 601?
590
In base 4, what is 11 + 2130213?
2130230
In base 10, what is -614 - 20?
-634
In base 4, what is -2000113 - 10?
-2000123
In base 5, what is -11332311 + -13?
-11332324
In base 13, what is -87837 + 1?
-87836
In base 5, what is -2 - 22441?
-22443
In base 2, what is 10 + -100000110011000110?
-100000110011000100
In base 11, what is -4210 - 48?
-4258
In base 7, what is 1 - 113311?
-113310
In base 5, what is 13403 - 44004?
-30101
In base 13, what is 242 - -4?
246
In base 7, what is -22541 - -1166?
-21342
In base 11, what is -13a + 5414?
5285
In base 6, what is -433 - 131122?
-131555
In base 6, what is -154310 - -4?
-154302
In base 12, what is 2a3 - 31?
272
In base 5, what is 30402131 + 0?
30402131
In base 2, what is -100 - -1100101000011101?
1100101000011001
In base 11, what is -4 + 14610?
14607
In base 3, what is -210201 + 1212212?
1002011
In base 12, what is -a700 - -1?
-a6bb
In base 6, what is -52 + -1032?
-1124
In base 6, what is -552 - 2544?
-3540
In base 15, what is 1471c2 + -1?
1471c1
In base 5, what is 131 + 1134240?
1134421
In base 14, what is 4c64c2 - 5?
4c64bb
In base 8, what is -652 + 54?
-576
In base 4, what is 1023030 + -11?
1023013
In base 3, what is -121100 - -2121?
-111202
In base 15, what is -1416 + -26?
-143c
In base 3, what is 2102202220111 + 11?
2102202220122
In base 8, what is -121 - -113?
-6
In base 14, what is -2 + 6695?
6693
In base 3, what is 11002102220 - -22?
11002110012
In base 4, what is 1 + 113032121?
113032122
In base 15, what is -1760 - 0?
-1760
In base 6, what is -23142 + -4?
-23150
In base 8, what is -453350 - 5?
-453355
In base 2, what is 110 + 10010100000110?
10010100001100
In base 9, what is -82 + -345?
-437
In base 3, what is -10 + 1001012112?
1001012102
In base 10, what is 3 + 4890?
4893
In base 11, what is 2078 - 4?
2074
In base 12, what is 289 - 1039?
-970
In base 4, what is 232313003 - -100?
232313103
In base 4, what is 223031002 + 1?
223031003
In base 6, what is -2 - 20110503?
-20110505
In base 2, what is 11001100011001000 + 1010?
11001100011010010
In base 6, what is 22002025 - 2?
22002023
In base 16, what is -5 - -3bed?
3be8
In base 16, what is 22 - 42b6?
-4294
In base 4, what is 0 + 23010132?
23010132
In base 3, what is 22221210120 - 0?
22221210120
In base 7, what is 2 - 6026?
-6024
In base 15, what is -1ac2 + -4?
-1ac6
In base 6, what is -2 + -1010554?
-1011000
In base 7, what is 525224 - -43?
525300
In base 11, what is 45 + -627a?
-6235
In base 9, what is 181 - 20106?
-18815
In base 15, what is 3 + ba29?
ba2c
In base 3, what is 1 + -1202220202202?
-1202220202201
In base 2, what is 11110100110011 - -1?
11110100110100
In base 5, what is -404 - -24134?
23230
In base 3, what is -1112 - 2100100?
-2101212
In base 12, what is 118 - 2412?
-22b6
In base 4, what is 30312 - 1111?
23201
In base 12, what is 5 - -8540?
8545
In base 6, what is 1453455 + -21?
1453434
In base 13, what is -30b5 - -145?
-2c70
In base 11, what is 16 - -115?
130
In base 9, what is 4 - 574515?
-574511
In base 15, what is -3087 + -3?
-308a
In base 13, what is -99 + -205?
-2a1
In base 11, what is 2643 + -245?
23a9
In base 9, what is -2848652 + 0?
-2848652
In base 9, what is 101 - 742?
-641
In base 13, what is 68564 - -1?
68565
In base 6, what is 2215525 - -5?
2215534
In base 2, what is 1111001101011001 + 101?
1111001101011110
In base 9, what is 5 - -10238?
10244
In base 13, what is -2c - -12?
-1a
In base 16, what is -8 - a139?
-a141
In base 11, what is 161 - 649?
-498
In base 8, what is 6 - 376122?
-376114
In base 11, what is -348 + 236?
-112
In base 15, what is a + -104db?
-104d1
In base 2, what is -110110110110111 - 11001?
-110110111010000
In base 11, what is -2 - 31215?
-31217
In base 4, what is -220322031 - 3?
-220322100
In base 7, what is -4 + 452543?
452536
In base 3, what is 12 - 1110212200211?
-1110212200122
In base 11, what is 165 + -195?
-30
In base 12, what is 391775 + 3?
391778
In base 12, what is -15 - -13b0b?
13ab6
In base 16, what is 235df + -4?
235db
In base 7, what is 1543012 - -10?
1543022
In base 14, what is -4687 - 3?
-468a
In base 11, what is -23 + -716?
-739
In base 11, what is -66 + 1880?
1815
In base 3, what is -201210101 - 11?
-201210112
In base 4, what is -131100 - 3200?
-200300
In base 5, what is 2 + 414141?
414143
In base 15, what is -b + -787?
-793
In base 14, what is -5 + 2d4b4?
2d4ad
In base 6, what is -253554 - -13?
-253541
In base 10, what is -11 + -265546?
-265557
In base 10, what is 2 - 47661?
-47659
In base 5, what is -414 + -1431?
-2400
In base 8, what is -2151 - -73?
-2056
In base 12, what is -540ba2 - 1?
-540ba3
In base 14, what is 4 + 1a7cc?
1a7d2
In base 3, what is -111101 + 1101100?
212222
In base 2, what is -1011101111 + 1111110?
-1001110001
In base 8, what is 1 + 4465?
4466
In base 16, what is -2d3e7 + -2?
-2d3e9
In base 5, what is 442 - 131?
311
In base 5, what is -11142 + 131023?
114331
In base 9, what is 20 + -7518?
-7488
In base 9, what is -200 - 22540?
-22740
In base 11, what is 4 + -10752?
-10749
In base 7, what is -6034 + 2560?
-3144
In base 7, what is 2344 + -105?
2236
In base 5, what is 41330 + 4023?
100403
In base 5, what is 10241322 + 2?
10241324
In base 3, what is -112221 + 102011?
-10210
In base 11, what is -88 - 3306?
-3393
In base 13, what is -a4 + -170?
-244
In base 15, what is -e4b4 - -1d?
-e496
In base 16, what is 56 - -1fd?
253
In base 11, what is 217 - 1?
216
In base 2, what is 100 + -10110110?
-10110010
In base 12, what is -4 + -208b6?
-208ba
In base 14, what is -2b60 + -2?
-2b62
In base 11, what is 12093 + 4?
12097
In base 2, what is -111011100011 - 0?
-111011100011
In base 11, what is 91 - -1?
92
In base 11, what is -6 - -140740?
140735
In